 number?
True
Is 1867693 a composite number?
False
Is 41595773 prime?
False
Is 239238113 prime?
True
Is 289000523 a composite number?
True
Is 71340257 prime?
False
Is 12588019 composite?
False
Is 83027111 a prime number?
False
Is 911585279 prime?
False
Is 29122261 a prime number?
False
Is 511754053 composite?
True
Is 4027033 a composite number?
False
Is 14075779 composite?
True
Is 3076382 prime?
False
Is 10061057 a composite number?
True
Is 15397141 composite?
False
Is 2595559 prime?
True
Is 111339863 prime?
False
Is 41958599 composite?
False
Is 9589499 a composite number?
True
Is 2345459 composite?
False
Is 35030759 a composite number?
False
Is 45940199 a prime number?
False
Is 130079 composite?
False
Is 4301195 prime?
False
Is 13755757 composite?
True
Is 7287959 a composite number?
True
Is 14178403 a composite number?
False
Is 123626 a composite number?
True
Is 71933 a prime number?
True
Is 28688459 a prime number?
False
Is 144949867 prime?
True
Is 23467391 prime?
True
Is 255786211 a composite number?
False
Is 29341577 a prime number?
True
Is 5427827 a composite number?
False
Is 5522933 a composite number?
True
Is 4971401 a composite number?
True
Is 90068866 prime?
False
Is 237751 prime?
False
Is 320449211 composite?
False
Is 378126997 prime?
True
Is 7442191 a prime number?
False
Is 38192173 a composite number?
False
Is 349636173 prime?
False
Is 47699383 a prime number?
False
Is 55460645 a prime number?
False
Is 288081587 prime?
False
Is 801791 composite?
False
Is 146361419 composite?
False
Is 5352533 prime?
True
Is 11179351 a composite number?
False
Is 42805109 composite?
True
Is 2483345 a prime number?
False
Is 355735687 composite?
True
Is 7527731 a composite number?
False
Is 20325889 prime?
False
Is 5898517 composite?
True
Is 13070179 prime?
True
Is 87634231 a composite number?
False
Is 58792841 a prime number?
True
Is 4381627 composite?
True
Is 71526131 a prime number?
False
Is 392804117 prime?
True
Is 40000379 composite?
True
Is 2223493 a prime number?
True
Is 10326721 a composite number?
False
Is 373102 a composite number?
True
Is 424931 prime?
False
Is 13932913 composite?
True
Is 69578965 a prime number?
False
Is 6005021 a composite number?
True
Is 13475947 a composite number?
True
Is 21775651 a composite number?
False
Is 32647 a composite number?
False
Is 29889521 composite?
True
Is 110818465 a composite number?
True
Is 5756447 a composite number?
False
Is 11626159 prime?
False
Is 53032807 composite?
True
Is 18118777 prime?
True
Is 3992911 prime?
False
Is 8121881 composite?
True
Is 1708697 composite?
True
Is 761755013 composite?
True
Is 1541219 a prime number?
False
Is 6473009 prime?
True
Is 131994017 a prime number?
True
Is 8862305 a prime number?
False
Is 777799 prime?
False
Is 17017991 composite?
False
Is 12816401 a prime number?
False
Is 7427873 composite?
True
Is 16972819 composite?
False
Is 12382831 composite?
True
Is 556746083 a prime number?
True
Is 18587053 a prime number?
False
Is 4571869 composite?
True
Is 4392727 prime?
False
Is 4971907 a composite number?
False
Is 12147659 a composite number?
False
Is 4906207 a composite number?
False
Is 11215294 a prime number?
False
Is 1113751 prime?
True
Is 120804251 a composite number?
False
Is 79457561 a prime number?
True
Is 12762157 a composite number?
True
Is 156089 a composite number?
False
Is 219344231 prime?
True
Is 101880061 a composite number?
False
Is 2409569 a composite number?
False
Is 115481719 prime?
True
Is 1021103 a prime number?
False
Is 7248583 a prime number?
False
Is 17086903 composite?
False
Is 695983 a composite number?
True
Is 137128837 composite?
False
Is 8551139 prime?
True
Is 79730273 composite?
True
Is 884777 prime?
False
Is 25974803 a prime number?
True
Is 12887417 a prime number?
True
Is 672967 prime?
True
Is 578163929 a composite number?
True
Is 52041007 a prime number?
False
Is 12335473 a prime number?
False
Is 58993339 a prime number?
True
Is 533174 composite?
True
Is 108672029 a prime number?
True
Is 677267 a prime number?
False
Is 167717843 a prime number?
False
Is 17974241 composite?
False
Is 1615601 prime?
False
Is 480613 composite?
True
Is 81149441 prime?
True
Is 6605171 prime?
True
Is 1709837 a prime number?
True
Is 13105597 prime?
False
Is 17384131 prime?
True
Is 17883629 prime?
False
Is 5628019 prime?
False
Is 705498073 composite?
True
Is 225049381 a composite number?
False
Is 28811767 a composite number?
True
Is 3349097 a composite number?
False
Is 2834227 a prime number?
False
Is 4251373 a prime number?
False
Is 4491481 a composite number?
False
Is 3516697 composite?
False
Is 406583 a prime number?
True
Is 1013047243 composite?
True
Is 3239183 prime?
True
Is 1837213 a composite number?
True
Is 647261 a prime number?
True
Is 342929 prime?
True
Is 188527351 prime?
False
Is 1255963 prime?
True
Is 261555059 a composite number?
False
Is 2467137 composite?
True
Is 9603271 a prime number?
True
Is 38403749 composite?
True
Is 4906103 a prime number?
True
Is 97774073 prime?
False
Is 392512649 prime?
True
Is 47465827 composite?
False
Is 39962893 composite?
False
Is 257075465 a prime number?
False
Is 478367 prime?
False
Is 5284751 a composite number?
False
Is 6193771 a prime number?
True
Is 118529 a prime number?
True
Is 85684019 composite?
False
Is 1378973 prime?
False
Is 321832519 prime?
True
Is 65393501 prime?
False
Is 117453845 composite?
True
Is 70546823 prime?
True
Is 1254293 a composite number?
False
Is 54008939 prime?
False
Is 2304179 composite?
False
Is 10432979 composite?
False
Is 508321381 prime?
True
Is 6082819 composite?
False
Is 25777373 a composite number?
True
Is 7454377 composite?
True
Is 2365421 composite?
False
Is 260189434 prime?
False
Is 5613074 prime?
False
Is 99974803 a composite number?
True
Is 899197277 a composite number?
True
Is 16311049 composite?
False
Is 485311 a composite number?
False
Is 2681803 a prime number?
True
Is 20024711 a composite number?
True
Is 2135479 composite?
False
Is 4771763 composite?
False
Is 41939959 prime?
False
Is 271130793 a prime number?
False
Is 25605731 prime?
False
Is 2765131 prime?
True
Is 2374513 a composite number?
True
Is 6182317 prime?
True
Is 137300767 prime?
False
Is 3575693 composite?
True
Is 354596041 a prime number?
False
Is 204680683 a composite number?
False
Is 58894021 a prime number?
True
Is 125033 composite?
True
Is 25464409 composite?
False
Is 2479369 prime?
False
Is 6938357 composite?
False
Is 1289779 composite?
False
Is 398730209 a prime number?
False
Is 1352069 a prime number?
True
Is 16390301 a composite number?
False
Is 38665117 a composite number?
True
Is 25386826 prime?
False
Is 66407 prime?
False
Is 22954507 prime?
True
Is 473535617 prime?
True
Is 13307359 composite?
True
Is 5393807 composite?
True
Is 73706221 prime?
True
Is 175989347 prime?
True
Is 281509 prime?
True
Is 685939 a prime number?
True
Is 3693881 a composite number?
False
Is 2507819 a prime number?
False
Is 326976743 a prime number?
False
Is 111169439 composite?
True
Is 4838903 a prime number?
True
Is 361162397 a prime number?
True
Is 2108879 a composite number?
False
Is 3243587 a composite number?
False
Is 447199 prime?
False
Is 9893801 a prime number?
False
Is 21554837 a prime number?
True
Is 40015835 a prime number?
False
Is 6833867 a prime number?
False
Is 11238161 a composite number?
True
Is 5674741 composite?
True
Is 48210423 prime?
False
Is 3032621 composite?
True
Is 18850519 prime?
False
Is 66347707 composite?
False
Is 626369 prime?
False
Is 26893641 a composite number?
True
Is 8924879 a prime number?
True
Is 873617 composite?
False
Is 2615047 prime?
True
Is 660486821 prime?
True
Is 5968211 composite?
True
Is 170563661 a composite number?
False
Is 1362103 a composite number?
False
Is 4391477 a composite number?
True
Is 9413419 composite?
True
Is 10450117 composite?
False
Is 22780057 a prime number?
False
Is 21167831 prime?
True
Is 11971963 a composite number?
True
Is 4564663 a prime number?
True
Is 6014077 prime?
False
Is 1416829 prime?
True
Is 26795911 a prime number?
True
Is 2780903 composite?
True
Is 5661631 composite?
False
Is 3924563 composite?
True
Is 5535643 prime?
False
Is 52327889 prime?
True
Is 256362629 prime?
True
Is 13674367 a prime number?
False
Is 764913757 prime?
False
Is 466714007 